3*v + 145. Determine d(51).
-8
Let i(r) = -r**3 - 7*r**2 - 16*r - 10. Determine i(-6).
50
Let n(w) = -30*w + 142. Determine n(3).
52
Let p(k) = k**3 + 8*k**2 + 311*k + 2470. Give p(-8).
-18
Let r(v) = -8*v + 347. Calculate r(45).
-13
Let k(w) = 14*w - 310. Calculate k(20).
-30
Let r(w) = 24811*w + 99253. Give r(-4).
9
Let r(u) = 2*u**3 + 320*u**2 - 327*u - 801. Give r(-161).
4
Let c(l) = -1385*l + 9701. Calculate c(7).
6
Let b(r) = -3454*r + 48362. Calculate b(14).
6
Let i(h) = -24*h**2 + 2477*h - 508. Determine i(103).
7
Let i(g) = 2*g**2 + 12*g + 17. Calculate i(-6).
17
Let w(r) = r**3 + 56*r**2 + 424*r + 11. Determine w(-9).
2
Let t(n) = -n**3 + 15*n**2 - 31*n + 20. Give t(13).
-45
Let o(r) = -r**3 + 18*r**2 - 19*r + 10. What is o(17)?
-24
Let b(y) = y + 77. Determine b(28).
105
Let l(b) = -b**3 + 4*b**2 + 15*b + 33. Determine l(7).
-9
Let u(g) = 18*g**3 - 123*g**2 + 89*g + 7. Determine u(6).
1
Let f(y) = -y**2 + 141*y + 1039. Determine f(-7).
3
Let v(n) = 95*n + 194. Determine v(-2).
4
Let z(m) = -2*m**2 - 119*m - 559. Calculate z(-5).
-14
Let r(f) = -11*f**2 - 825*f + 1745. Calculate r(-77).
51
Let k(x) = 2*x**3 + 9*x**2 + 4*x - 7. What is k(-5)?
-52
Let u(s) = 14*s**2 + 134*s + 161. Calculate u(-8).
-15
Let q(s) = -131*s + 143. What is q(0)?
143
Let p(g) = -13*g**2 + 150*g - 296. Calculate p(2).
-48
Let x(s) = -s**3 + 52*s**2 + 11*s + 20. Determine x(0).
20
Let n(s) = 6*s**2 + 4*s - 4. What is n(1)?
6
Let a(k) = -316*k**3 + 4*k**2 + 2*k + 1. Give a(-1).
319
Let a(c) = 7*c**2 + 32*c + 41. What is a(-5)?
56
Let x(c) = c**2 + 282*c + 3760. Give x(-14).
8
Let r(n) = -7*n**2 + 85*n - 183. Calculate r(12).
-171
Let s(b) = 36*b**3 - b**2 + 3*b - 2. Calculate s(1).
36
Let o(a) = 16*a**2 - 48*a - 53. Calculate o(4).
11
Let a(c) = -2*c**2 + 46*c - 222. Determine a(7).
2
Let m(k) = -k**2 - 754*k - 141224. Calculate m(-347).
5
Let m(i) = -i**3 - 28*i**2 - 62*i - 255. Calculate m(-26).
5
Let o(b) = -b**2 + 59*b - 31. Determine o(54).
239
Let l(w) = 10*w**3 + 2*w**2 - 31*w - 32. What is l(-1)?
-9
Let t(f) = f**2 + 187*f + 1930. Calculate t(-11).
-6
Let r(w) = 16*w + 1000. Give r(-52).
168
Let w(s) = -4*s + 688. What is w(173)?
-4
Let l(h) = 88*h + 3853. What is l(-44)?
-19
Let h(g) = 13*g**2 + 224*g + 252. Calculate h(-16).
-4
Let q(z) = -6*z**3 + 473*z**2 + 82*z - 237. Calculate q(79).
0
Let r(w) = 2602*w + 104079. What is r(-40)?
-1
Let u(o) = 2*o**3 + 68*o**2 + 9*o + 468. What is u(-34)?
162
Let c(f) = -12*f + 454. Give c(21).
202
Let l(k) = -5*k**2 + 33*k - 29. Calculate l(5).
11
Let s(p) = 3*p**2 + 87*p - 270. Calculate s(-33).
126
Let y(x) = -x**3 - 7*x**2 + 10*x + 17. Give y(-6).
-79
Let f(r) = -r**3 - 10*r**2 + 78*r - 31. Determine f(-14).
-339
Let w(i) = -12*i - 149. Give w(-7).
-65
Let i(d) = 2*d - 24. Determine i(28).
32
Let g(l) = -67*l - 612. Give g(-9).
-9
Let u(j) = -j**2 - 13*j + 115. Calculate u(-18).
25
Let c(p) = p**2 - 32*p - 278. Calculate c(-7).
-5
Let p(i) = -25*i**2 + 1033*i + 684. Give p(42).
-30
Let u(r) = r**3 + 21*r**2 - 30*r - 173. Give u(-22).
3
Let y(d) = 176*d + 3691. Calculate y(-21).
-5
Let b(v) = -v**2 + 8*v + 75. Give b(-8).
-53
Let o(t) = -63*t + 264. Determine o(3).
75
Let c(k) = -18*k + 695. Determine c(38).
11
Let h(r) = -113*r**3 - 8*r**2 - 4*r + 2. What is h(1)?
-123
Let l(c) = -c**3 + 46*c**2 + 3*c - 126. Determine l(46).
12
Let q(b) = -29*b + 75. What is q(2)?
17
Let x(j) = 3*j**2 + 48*j - 87. Determine x(-20).
153
Let r(c) = 2*c**3 + 14*c**2 - 30*c - 2. Calculate r(-9).
-56
Let d(v) = -207*v - 141. What is d(-1)?
66
Let n(r) = -2*r**2 + 11*r + 276. Calculate n(14).
38
Let x(i) = -2*i**2 + 64*i - 485. Determine x(11).
-23
Let g(i) = 22*i**2 - 5*i + 5. What is g(1)?
22
Let x(n) = -3*n**2 + 38*n - 49. Give x(9).
50
Let y(z) = -2*z**3 - 77*z**2 - 48*z - 372. Give y(-38).
8
Let y(q) = -28*q + 895. Determine y(27).
139
Let y(z) = -28*z - 1701. Calculate y(-67).
175
Let y(p) = -347*p - 127358. Calculate y(-367).
-9
Let y(v) = -6*v**2 + 4*v - 1. Calculate y(1).
-3
Let v(j) = -5024*j + 50253. Calculate v(10).
13
Let q(k) = 21*k + 725. Calculate q(-38).
-73
Let o(k) = -k**2 + 4102*k - 4101. Determine o(1).
0
Let o(c) = c**3 - 9*c**2 + 18*c - 2. Determine o(4).
-10
Let k(d) = -19*d + 262. Calculate k(10).
72
Let t(l) = 3*l**3 + 21*l**2 - 22*l + 2. What is t(-8)?
-14
Let y(g) = -g**2 - 4*g - 22. What is y(-12)?
-118
Let d(z) = -35*z + 18. Determine d(-4).
158
Let t(l) = -l**3 + 23*l**2 - 3*l + 4. What is t(0)?
4
Let t(i) = -3*i**2 - 167*i - 653. What is t(-4)?
-33
Let b(v) = 32*v - 1245. What is b(39)?
3
Let n(y) = -252*y - 732. What is n(-3)?
24
Let g(c) = c**3 - 12*c**2 - 7*c - 59. Calculate g(13).
19
Let f(c) = 2*c**3 + 18*c**2 - 2*c - 18. Give f(-9).
0
Let x(p) = -4*p**3 + 22*p**2 - 35. What is x(5)?
15
Let v(h) = -37*h - 2714. What is v(-75)?
61
Let r(x) = -9*x**2 - 222*x + 7. Determine r(-25).
-68
Let t(q) = 68*q + 19. Determine t(0).
19
Let c(i) = -42*i - 2187. Calculate c(-51).
-45
Let n(c) = c**3 - 12*c**2 + 3*c + 42. Calculate n(11).
-46
Let c(d) = d**3 - 43*d**2 - 106*d + 725. Give c(45).
5
Let w(x) = -x**3 + 104*x**2 + 354*x - 3533. Calculate w(107).
-2
Let x(c) = -324*c - 279. What is x(-1)?
45
Let o(r) = -r**2 + 37*r - 15. Calculate o(36).
21
Let c(s) = -2414*s - 50663. Calculate c(-21).
31
Let g(s) = -24*s - 512. Calculate g(-38).
400
Let t(v) = -v**3 - 12*v**2 + 63*v - 10. Calculate t(-16).
6
Let i(o) = -326*o - 8147. Give i(-25).
3
Let k(z) = 205*z**3 - 3*z + 2. Give k(1).
204
Let w(c) = -3*c**2 - 112*c - 130. What is w(-36)?
14
Let f(p) = p**3 - 9*p**2 + 72*p - 502. Determine f(8).
10
Let w(y) = y**3 + 18*y**2 - 21*y - 15. Give w(-19).
23
Let j(a) = a**2 + 98*a + 394. Determine j(-4).
18
Let k(a) = 10*a**2 - 125*a - 38. Calculate k(0).
-38
Let m(w) = 25*w - 1930. Determine m(77).
-5
Let x(o) = -3*o + 6. Determine x(23).
-63
Let y(q) = -2*q**3 + 6*q**2 - 14*q + 6. Give y(3).
-36
Let l(v) = 3*v**3 - 341*v**2 - 86*v - 3199. What is l(114)?
-7
Let d(b) = -57*b - 431. What is d(-8)?
25
Let s(q) = -37*q + 374. Give s(10).
4
Let t(j) = -j**2 + 234*j - 8060. Give t(42).
4
Let o(u) = 22*u + 78. Give o(-4).
-10
Let d(q) = q**2 + 13*q + 4. Calculate d(-15).
34
Let k(u) = 59*u + 362. Give k(-3).
185
Let t(l) = l**3 + 44*l**2 - 70*l - 1117. Calculate t(-45).
8
Let a(d) = -3*d**2 + 126*d + 1023. Determine a(49).
-6
Let f(z) = -z**3 + 4*z**2 + 100*z - 508. Give f(5).
-33
Let n(a) = 689*a - 6887. Calculate n(10).
3
Let b(s) = -7*s - 196. What is b(-24)?
-28
Let t(q) = q**3 + 9*q + 56. Give t(0).
56
Let m(r) = -13*r + 97. Calculate m(12).
-59
Let c(k) = k**3 + 9*k**2 + 15*k - 11. Give c(-4).
9
Let l(z) = -2*z**3 + 22*z**2 - 30*z - 40. What is l(9)?
14
Let q(i) = -i**3 - 5*i**2 + 4951*i + 29665. Determine q(-6).
-5
Let h(n) = n**2 + 231*n + 1346. Calculate h(-225).
-4
Let y(l) = -94*l + 1030. Calculate y(11).
-4
Let i(o) = o**3 - 37*o**2 - 163*o - 133. Determine i(41).
-92
Let y(d) = d**3 + d**2 - 333*d - 53. Give y(-19).
-224
Let d(o) = -85*o + 8354. Calculate d(97).
109
Let t(y) = y**3 + 8*y**2 + 9*y + 25. Give t(-7).
11
Let i(u) = -433*u**2 - 8*u - 9. Give i(-1).
-434
Let m(i) = 4*i**2 + 42*i + 2. Calculate m(-12).
74
Let c(w) = 67*w - 27. What is c(4)?
241
Let k(v) = v**3 + 9*v**2 - 39*v - 20. What is k(-12)?
16
Let o(d) = d**3 + 46*d**2 - 80*d + 698. What is o(-48)?
-70
Let y(a) = -161*a + 17227. Determine y(107).
0
Let g(f) = -28*f**2 + 28*f - 50. Determine g(4).
-386
Let c(v) = v**2 + 42*v - 214. Determine c(-47).
21
Let r(c) = 45*c**2 + 2. Determine r(-2).
182
Let f(h) = -3*h + 36. Give f(12).
0
Let n(j) = -8*j**2 - 25*j - 16. Determine n(-2).
2
Let k(r) = -1201*r + 8372. Give k(7).
-35
Let n(x) = -x**3 - 446*x**2 - 1777*x - 3966. Determine n(-442).
12
Let u(c) = -48*c - 392. Give u(-8).
-8
Let i(k) = -14*k**3 - 2*k**2 - 49*k - 50. Give i(-1).
11
Let i(j) = 6*j**2 - 66*j + 2. Give i(0).
2
Let v(z) = z**3 - 31*z**2 - 28*z - 94. Calculate v(32).
34
Let n(s) = 48*s + 2751. Give n(-57).
15
Let n(t) = 11*t**2 - 181*t - 1810. Determine n(-7).
-4
Let p(y) = -4*y**2 - 56*y - 19. What is p(-13)?
33
Let h(v) = -v**3 + 38*v**2 + 32*v + 376. What is h(39)?
103
Let u(i) = 54*i + 5997. What is u(-114)?
-159
Let m(j) = -2*j**3 - 68*j**2 - 2*j - 82. Calculate m(-34).
-14
Let d(j) = 2*j**3 - 79*j**2 + 41*j + 13. Calculate 